mmon divisor of 23 and q.
23
Let l = 1 - -111. What is the greatest common factor of 16 and l?
16
Let r be 5/(-2)*(-636)/30. Suppose 0 = 5*l + 4*h - r, l - 15 = -0*h - 3*h. Calculate the highest common divisor of 81 and l.
9
Suppose 0*f + 4*v = 4*f - 1516, 0 = -3*v + 15. What is the greatest common divisor of f and 48?
48
Let b(y) = 3*y**2 + 7*y. Let p = 5 - 10. Let c be b(p). Suppose -11*h + 13*h = -3*t + 7, 2*t - 4*h - 26 = 0. Calculate the greatest common divisor of t and c.
5
Suppose 505 = -3*v + 7747. Calculate the greatest common factor of 34 and v.
34
Let p = -993 + 1081. Calculate the greatest common divisor of p and 44.
44
Suppose 7*w + 12 = 3*w. Let n be (w + 3)/(-5 + 2). Suppose 2*y + 5*g - 16 = n, y + 0*g = -2*g + 9. Calculate the greatest common divisor of y and 78.
13
Let v(m) = 9 + m**2 + 5*m - 13*m - 3. Let z be v(9). What is the highest common factor of 15 and z?
15
Let y(m) = -m**3 + 21*m**2 + 28*m - 30. Let g be y(22). Let i = g + -42. What is the greatest common divisor of i and 20?
20
Let r be -2 + 5/((-10)/(-8)). Suppose s = -2*s - 3, -r*s = v - 6. Let p be ((-30)/(-5) - (-1335)/15) + -7. Calculate the greatest common divisor of v and p.
8
Let o = -73 + 123. Let c = -24 + o. What is the highest common factor of c and 13?
13
Suppose 3*v = 4*z, 0 = 4*z + 2*v + 2*v - 28. Let y(n) = -2*n**2 + 7*n - 6 + n**2 + 2*n**2. Let h be y(-9). Calculate the greatest common divisor of z and h.
3
Let u be (48/30)/((-2)/(-5)). Suppose 0 = -0*f - 4*f - u*m + 96, -4 = -m. Calculate the highest common factor of f and 60.
20
Let k = -1178 - -1182. Calculate the highest common divisor of k and 244.
4
Let k be 33/(3 + 4 + -2 - 2). What is the highest common divisor of k and 319?
11
Let j = -110 + 550. Suppose 5*g - 5*x = -133 + 578, -j = -5*g + 4*x. Suppose -24 = -3*o + o. Calculate the greatest common divisor of g and o.
12
Let c(p) = -5*p**3 - 4*p**3 + 5*p**3 - 3 + 3*p**3 + 6*p. Let a be c(5). Let w be a/(-6) + (-4)/12. What is the highest common divisor of 2 and w?
2
Let l be 396/110*(16 - 6). Calculate the greatest common factor of 132 and l.
12
Let z(t) = t**2 - 3*t + 3. Let v be 4*5/(11 + -1). Let g be z(v). Calculate the greatest common divisor of 8 and g.
1
Suppose 14 + 25 = 3*b. Suppose 0*w - w + b = 0. What is the greatest common divisor of w and 65?
13
Let i(b) = 2*b - 5. Let x be i(9). Suppose 2*r - 127 = -3*c, 0 = -4*r + 2 - 6. Suppose -j = 4 - c. What is the highest common divisor of j and x?
13
Let s(j) = -2*j**3 - 4*j**2 + 31*j + 24. Let w be s(-7). What is the greatest common factor of 18 and w?
9
Suppose -3*x - 29*u + 32*u + 54 = 0, -2*x + 3*u = -39. Calculate the highest common factor of x and 165.
15
Suppose 4*j - c - 232 = -0*j, 305 = 5*j - 5*c. Suppose -6*q + 81 = -j. Let z = 10 + q. Calculate the highest common divisor of 11 and z.
11
Let l = 1455 - 949. What is the highest common factor of 46 and l?
46
Let r(j) = 8*j + 2. Let q be r(2). Let n = -24 + q. Let k be 16*1 - (-6 - n). Calculate the highest common divisor of k and 128.
16
Let i = -21 + -8. Let r = 31 + i. Suppose p + r*l = -0*l + 20, -5*l = -2*p + 58. Calculate the highest common divisor of 240 and p.
24
Let r(a) = 28*a - 20. Let o be r(-12). Let t = 622 + o. What is the highest common factor of t and 38?
38
Let k be ((-36)/48)/(2/(-16)). Suppose 3 = -3*z, -2*v - 5*z = -k - 7. What is the greatest common divisor of 6 and v?
3
Let v(s) = 2*s**2 - 20*s - 29. Let a(c) = c**2 + c + 1. Let i(y) = 3*a(y) - v(y). Let n be i(-22). What is the greatest common divisor of 90 and n?
10
Let m be (4/3)/(6/(-72)). Let i = m + 22. Let t be 596/i + (-9)/27. What is the greatest common divisor of t and 11?
11
Let t be (-334)/(-22) - 68/374. Calculate the greatest common factor of t and 15.
15
Let a(g) = g**2 - 2*g + 7. Let h be a(4). Suppose -13*p = -14*p + h. Calculate the greatest common divisor of p and 10.
5
Let h be ((-34)/((-204)/(-603)))/((-1)/46). What is the highest common factor of h and 69?
69
Let r = -14 - -25. Suppose 0 = -3*j + 79 + r. Let i be (78/9)/(4/j). Calculate the greatest common divisor of 26 and i.
13
Let n(w) = w**2 + 10*w + 12. Let g be n(-9). Suppose -3*o + 36 = 5*k, o + g*o + 3*k - 37 = 0. What is the highest common divisor of o and 49?
7
Let v(x) = x**3 + 12*x**2 + 11*x + 10. Let o(z) = z**3 - 15*z**2 + 12*z + 17. Let j be o(14). Let g be v(j). Calculate the highest common divisor of g and 50.
10
Let p(x) = -6*x**2 + 0*x - 1000*x**3 - x + 999*x**3. Let f be p(-7). Calculate the highest common divisor of f and 84.
28
Let b(t) = -t**3 - 16*t**2 + 7*t + 10. Let a be b(-17). Suppose 0 = -17*f + 12*f + a. What is the highest common factor of f and 45?
9
Let l(r) = 2*r**2 + 50*r + 47. Let x be l(-24). Let b be (x - -1) + (-6 - -39). Calculate the highest common factor of 3 and b.
3
Suppose -5*s + 3*x = -1085, -x - 215 = -4*s + 3*s. Calculate the greatest common divisor of s and 132.
44
Let c be 80 + -14 + (-4 - 2). What is the greatest common factor of c and 12?
12
Suppose 3*s - 2700 = -9*s. What is the greatest common divisor of 36 and s?
9
Let q(z) = -2*z. Let i be q(-3). Suppose 0 = l, -c - 140 = -i*c - l. What is the highest common divisor of 14 and c?
14
Let n be 2/5 + (-4)/10. Let v(m) = -m**3 - m**2 - m + 10. Let i be v(n). Let u = -1 - -5. Calculate the greatest common divisor of u and i.
2
Let l be ((-125)/20)/(1/(-8)). Suppose 4*w - 186 = -2*z + 2*w, -103 = -z - 3*w. Let o be z/5 - (-20)/l. What is the highest common factor of o and 2?
2
Let t(d) = d - 55. Let a(y) = 3*y - 221. Let w(n) = 2*a(n) - 9*t(n). Let g be w(8). Calculate the highest common divisor of 232 and g.
29
Let x = 27 + -16. Let q be (0 - 1)*(-305)/(-5). Let z = x - q. Calculate the highest common divisor of z and 8.
8
Suppose -87*p + 66*p + 630 = 0. Let z be (5*8)/((-5)/(-30)). What is the greatest common divisor of p and z?
30
Let b be 0/(-1 + 2) + 7. Let p(t) = t**3 - 11*t**2 - 10*t - 9. Let a be p(12). Let m = a + b. Calculate the greatest common factor of 55 and m.
11
Let j = 816 + -541. Let g = -135 + j. What is the greatest common factor of g and 35?
35
Let c be 13/13*(1 - 0 - 8). Let u(t) = t**3 + 11*t**2 + 24*t + 10. Let y be u(c). What is the greatest common divisor of y and 38?
38
Let r(g) = 18*g - 76. Let d be r(19). What is the highest common divisor of 38 and d?
38
Let k(j) = j**3 + 4*j**2 - 6*j. Let d be k(-5). Suppose -3*u + 4 = -5*u. Let q be (-3)/(-3*u/(-10)). Calculate the highest common factor of q and d.
5
Let u = 1042 - 1026. Suppose 0 = -5*z - 6 + 16. What is the highest common divisor of z and u?
2
Suppose 4*p + 2 = 94. What is the greatest common divisor of p and 253?
23
Let k(n) = 12*n + 3. Let y be k(1). Suppose 8*j = 4*j - 16. Let d be ((-2)/1)/(j/10). What is the highest common divisor of y and d?
5
Suppose 3*b = -5*z - 14, b + 3*z = 5*b - 20. Suppose -b = -t + 4. Suppose -q = t - 28. Calculate the highest common factor of 55 and q.
11
Suppose 4*z - 3*k = -30 - 61, 0 = 4*z - 5*k + 85. Let b = -45 + z. Let o be (b/28)/(2/(-4)). What is the greatest common divisor of 2 and o?
1
Suppose -3*a - 2*a + 162 = 2*n, a + n = 33. Suppose -2*o + a = -0*o. What is the highest common divisor of 176 and o?
16
Let q(m) = 4*m**3 - 5*m**2 + m. Let u be q(4). Suppose j - u = -4*j. What is the greatest common factor of j and 6?
6
Let l(t) = 7*t**2 + 3*t**2 + 3*t + 2*t + 8*t**2. Let z be l(-5). Suppose z = 3*m - 103. What is the greatest common factor of 16 and m?
16
Let i(b) = -6*b - 12. Let t be i(-5). Let l be (30/t)/(3/(-63)*-1). Calculate the highest common divisor of l and 10.
5
Let r be (-5 - 0) + 2 + 9. Suppose -2*v = 3*v + d - 80, -v + 2 = 3*d. Let l = -15 + v. Calculate the highest common factor of r and l.
2
Let u(b) be the first derivative of -b**3/3 + 3*b**2 + b + 20. Let g be u(5). Calculate the highest common factor of g and 12.
6
Suppose -31*a - 346 = -36*a - 4*x, -4*x - 144 = -2*a. What is the greatest common divisor of a and 28?
14
Let x be 6/4*4/3. Suppose -g = -x - 8. Let w be 1 + (154/8 - 1/4). Calculate the highest common factor of w and g.
10
Let v = 8 - 0. Let r = -20 + 23. Suppose 2*l - 12 = -r*g, -6*g + 4*l = -2*g + 4. What is the greatest common factor of g and v?
2
Let u = 27 - 21. Let z be (18/(-8))/((-975)/320 - -3). What is the highest co